 digit of 100583?
0
What is the units digit of 25427?
7
What is the units digit of 14310?
0
What is the hundreds digit of 2334?
3
What is the ten thousands digit of 30404?
3
What is the thousands digit of 1061?
1
What is the thousands digit of 5480?
5
What is the tens digit of 479?
7
What is the hundreds digit of 3660?
6
What is the tens digit of 773?
7
What is the units digit of 12577?
7
What is the thousands digit of 4533?
4
What is the thousands digit of 15805?
5
What is the hundreds digit of 3069?
0
What is the ten thousands digit of 17289?
1
What is the units digit of 6271?
1
What is the hundreds digit of 329?
3
What is the thousands digit of 36261?
6
What is the ten thousands digit of 52341?
5
What is the hundreds digit of 955?
9
What is the tens digit of 8326?
2
What is the hundreds digit of 264?
2
What is the hundreds digit of 1577?
5
What is the units digit of 10043?
3
What is the units digit of 1024?
4
What is the hundreds digit of 8741?
7
What is the hundreds digit of 12405?
4
What is the tens digit of 40878?
7
What is the units digit of 1247?
7
What is the units digit of 442?
2
What is the tens digit of 1061?
6
What is the hundreds digit of 18010?
0
What is the thousands digit of 7868?
7
What is the units digit of 95?
5
What is the ten thousands digit of 54555?
5
What is the units digit of 6641?
1
What is the thousands digit of 4708?
4
What is the hundreds digit of 116627?
6
What is the thousands digit of 1197?
1
What is the units digit of 143061?
1
What is the hundreds digit of 137?
1
What is the hundreds digit of 469?
4
What is the tens digit of 352?
5
What is the units digit of 47963?
3
What is the hundreds digit of 103140?
1
What is the tens digit of 3972?
7
What is the hundreds digit of 74163?
1
What is the units digit of 13275?
5
What is the tens digit of 5816?
1
What is the units digit of 3268?
8
What is the tens digit of 528?
2
What is the units digit of 95945?
5
What is the thousands digit of 1222?
1
What is the tens digit of 8992?
9
What is the ten thousands digit of 13281?
1
What is the hundreds digit of 77190?
1
What is the ten thousands digit of 165437?
6
What is the tens digit of 20172?
7
What is the tens digit of 13276?
7
What is the thousands digit of 30854?
0
What is the thousands digit of 5279?
5
What is the hundreds digit of 5111?
1
What is the tens digit of 184?
8
What is the tens digit of 65219?
1
What is the units digit of 264?
4
What is the units digit of 5171?
1
What is the units digit of 1632?
2
What is the tens digit of 71?
7
What is the tens digit of 69011?
1
What is the units digit of 64693?
3
What is the units digit of 58742?
2
What is the thousands digit of 6957?
6
What is the units digit of 4071?
1
What is the units digit of 1288?
8
What is the hundreds digit of 6581?
5
What is the hundreds digit of 44304?
3
What is the tens digit of 4270?
7
What is the units digit of 6902?
2
What is the hundreds digit of 13125?
1
What is the hundreds digit of 4851?
8
What is the tens digit of 165543?
4
What is the tens digit of 865?
6
What is the tens digit of 6062?
6
What is the units digit of 3123?
3
What is the tens digit of 1267?
6
What is the hundreds digit of 83906?
9
What is the ten thousands digit of 13087?
1
What is the tens digit of 685?
8
What is the hundreds digit of 11511?
5
What is the tens digit of 5392?
9
What is the tens digit of 177013?
1
What is the hundreds digit of 555?
5
What is the units digit of 11845?
5
What is the tens digit of 4217?
1
What is the thousands digit of 1308?
1
What is the units digit of 1610?
0
What is the units digit of 60622?
2
What is the units digit of 17776?
6
What is the units digit of 1025?
5
What is the tens digit of 4822?
2
What is the tens digit of 1682?
8
What is the thousands digit of 30548?
0
What is the units digit of 3052?
2
What is the tens digit of 5197?
9
What is the thousands digit of 45296?
5
What is the hundreds digit of 1261?
2
What is the thousands digit of 1419?
1
What is the tens digit of 432?
3
What is the units digit of 8231?
1
What is the hundreds digit of 7849?
8
What is the units digit of 8236?
6
What is the thousands digit of 44452?
4
What is the hundreds digit of 4947?
9
What is the ten thousands digit of 40717?
4
What is the thousands digit of 3744?
3
What is the units digit of 7378?
8
What is the hundreds digit of 1165?
1
What is the ten thousands digit of 26621?
2
What is the units digit of 2369?
9
What is the hundreds digit of 3299?
2
What is the hundreds digit of 2199?
1
What is the tens digit of 1189?
8
What is the units digit of 27644?
4
What is the tens digit of 6772?
7
What is the hundreds digit of 68566?
5
What is the units digit of 12108?
8
What is the tens digit of 7231?
3
What is the units digit of 7898?
8
What is the hundreds digit of 132?
1
What is the thousands digit of 2223?
2
What is the tens digit of 2562?
6
What is the units digit of 3326?
6
What is the units digit of 77184?
4
What is the units digit of 17797?
7
What is the hundreds digit of 5389?
3
What is the hundreds digit of 60146?
1
What is the hundreds digit of 607?
6
What is the units digit of 334?
4
What is the hundreds digit of 10974?
9
What is the units digit of 3280?
0
What is the thousands digit of 3027?
3
What is the units digit of 437?
7
What is the tens digit of 35873?
7
What is the tens digit of 4959?
5
What is the hundreds digit of 1412?
4
What is the thousands digit of 12927?
2
What is the units digit of 98257?
7
What is the thousands digit of 16692?
6
What is the thousands digit of 2288?
2
What is the thousands digit of 43954?
3
What is the units digit of 8185?
5
What is the tens digit of 1411?
1
What is the thousands digit of 1390?
1
What is the units digit of 1288?
8
What is the units digit of 32851?
1
What is the ten thousands digit of 78589?
7
What is the hundreds digit of 72287?
2
What is the thousands digit of 17445?
7
What is the ten thousands digit of 149442?
4
What is the hundreds digit of 159?
1
What is the hundreds digit of 51561?
5
What is the ten thousands digit of 33135?
3
What is the hundreds digit of 828?
8
What is the tens digit of 3036?
3
What is the tens digit of 85722?
2
What is the thousands digit of 1180?
1
What is the ten thousands digit of 48663?
4
What is the ten thousands digit of 12808?
1
What is the ten thousands digit of 46134?
4
What is the hundreds digit of 24403?
4
What is the thousands digit of 17946?
7
What is the thousands digit of 22871?
2
What is the thousands digit of 85131?
5
What is the ten thousands digit of 47803?
4
What is the units digit of 273?
3
What is the tens digit of 3943?
4
What is the tens digit of 26525?
2
What is the thousands digit of 2114?
2
What is the tens digit of 14560?
6
What is the tens digit of 6843?
4
What is the thousands digit of 55172?
5
What is the tens digit of 32844?
4
What is the hundreds digit of 293?
2
What is the hundreds digit of 6199?
1
What is the thousands digit of 31654?
1
What is the hundreds digit of 927?
9
What is the units digit of 1270?
0
What is the units digit of 77563?
3
What is the tens digit of 4243?
4
What is the tens digit of 554?
5
What is the units digit of 1499?
9
What is the hundreds digit of 602?
6
What is the tens digit of 1605?
0
What is the units digit of 14277?
7
What is the thousands digit of 4367?
4
What is the units digit of 6278?
8
What is the thousands digit of 3259?
3
What is the hundreds digit of 123155?
1
What is the thousands digit of 16187?
6
What is the thousands digit of 1384?
1
What is the hundreds digit of 35122?
1
What is the tens digit of 26146?
4
What is the tens digit of 108?
0
What is the hundreds digit of 1045?
0
What is the hundreds digit of 2113?
1
What is the hundreds digit of 217?
2
What is the ten thousands digit of 25928?
2
What is the units digit of 2801?
1
What is the tens digit of 3640?
4
What is the hundreds digit of 4641?
6
What is the units digit of 937?
7
What is the hundreds digit of 1495?
4
What is the units digit of 264?
4
What is the ten thousands digit of 40472?
4
What is the hundreds digit of 1908?
9
What is the ten thousands digit of 74959?
7
What is the tens digit of 719?
1
What is the thousands digit of 8472?
8
What is the hundred thousands digit of 129651?
1
What is the units digit of 90318?
8
What is the tens di